))*5. What is the highest common divisor of o and 225?
5
Let k(l) = 28*l**2 - l + 2. Let b be k(2). Let z = 156 - 140. What is the greatest common divisor of b and z?
16
Suppose 26*r = 857 + 31123. Calculate the highest common divisor of r and 82.
82
Suppose t + 4*t - 103 = h, 0 = -2*t + 4*h + 34. Let y be (-65)/(-40) - (-12)/32 - -145. What is the highest common divisor of t and y?
21
Let p = 40 - -68. What is the greatest common factor of p and 81?
27
Let z be ((-2)/4)/((-9)/(-36)). Let p = z + -11. Let i be -1*3 - (p + 4). Calculate the greatest common factor of i and 24.
6
Let s = -964 - -1594. What is the greatest common factor of s and 5?
5
Suppose h = 5, 4*v + 5*h = 3*h + 1994. Suppose v = 2*m - 80. Calculate the greatest common factor of 32 and m.
32
Let y(x) = -x**3 - 22*x**2 - 3*x - 57. Suppose v - 4*v + 95 = -5*g, 15 = -3*v. Let m be y(g). Calculate the highest common factor of 63 and m.
9
Let o = -613 + 628. What is the greatest common divisor of 375 and o?
15
Let j be 4/(-12) + (-66)/(-9). Suppose 0 = j*v - 8*v + 5. What is the highest common factor of 20 and v?
5
Suppose 5*q - y = 2, 0 = -q + 5*y - 12 - 2. Let l be ((-20)/(-8) - 3)*(-7 - q). Calculate the highest common divisor of l and 4.
4
Let l = 15 - 11. Suppose 5*a - a = -3*h + 46, -h = l*a - 18. What is the highest common divisor of 7 and h?
7
Suppose 0 = 4*g + o - 18 - 5, 2*g + 2*o - 16 = 0. Suppose -224 = g*c - 59. Let q be c/(-2) - (-18)/12. Calculate the highest common divisor of q and 126.
18
Let v = 6 + -3. Let t(r) = -79*r - 3. Let a be t(-1). Suppose -q + v*q - a = 0. What is the highest common factor of q and 19?
19
Suppose 53 = 4*t - 3. Let y = 6713 - 6587. Calculate the highest common factor of t and y.
14
Suppose j = 5*i + 7, 0 = -j + 4*i - 5 + 11. Let d be (5/(-15))/(j/(-198)). Suppose 0 = -12*b + 1268 + 1900. Calculate the greatest common divisor of d and b.
33
Let h be 33/12*-2*-2. Suppose -k + q + 19 = 0, -3*q - 17 = -2*k + 19. Suppose k = -i + 120. Calculate the highest common factor of i and h.
11
Let d = 1 - -9. Let h be (-3 - -7 - -15) + -2. Suppose h*k - 21*k + 120 = 0. What is the greatest common divisor of d and k?
10
Let b be (11/((-385)/(-42)))/(6/20). Suppose -3*h = b*t - 21, 0*h + 5*h = -t + 35. Calculate the highest common factor of 21 and h.
7
Let j(w) = w**3 + 10*w**2 + w. Let q be j(-8). Suppose -v + q - 88 = 0. What is the highest common factor of v and 4?
4
Suppose 5*h + 481 = -9. Let b = h - -173. Let m be (-44)/33*b/(-2). What is the greatest common divisor of m and 20?
10
Suppose y - 543 = -3*q - 0*y, 5*q - 895 = -5*y. What is the highest common divisor of q and 14?
14
Let y(a) = -3*a + 193. Let p be y(11). Suppose 114 - 14 = 5*k. What is the greatest common factor of k and p?
20
Suppose 14*j = 13*j + 221. What is the greatest common factor of j and 13?
13
Let g(q) = 0*q + 2 + 6*q**2 + q**3 + 2*q + 2*q + 2*q. Let z be g(-6). Let h be z*((-18)/4 - -4). What is the greatest common factor of h and 136?
17
Suppose h + 313 = 2*q, 5*q + 0*h = -h + 765. Calculate the highest common divisor of 28 and q.
14
Suppose -n + 2 = c, 3*c + 2*c - 3 = 2*n. Let b be 21/(-28)*(n - 109). Calculate the highest common factor of b and 9.
9
Suppose -3 = -x - 0*x. Calculate the greatest common divisor of x and 30.
3
Suppose 0 = k - 3*k + 72. Suppose 0*v + 75 = 5*v. Suppose 19*r = v*r + 72. Calculate the highest common factor of k and r.
18
Let q(a) = 4*a + 162. Let l be q(-31). What is the highest common factor of l and 38?
38
Let c be (-8)/3*(-2 - -23). Let x = 95 + c. Let u = 729 + -703. What is the highest common factor of x and u?
13
Suppose -14*m = -5*m - 3078. Calculate the highest common factor of 18 and m.
18
Let u(c) = 9*c**2 - c + 70. Let r be u(0). Calculate the highest common divisor of r and 28.
14
Suppose 0 = 4*y + 217 - 569. Suppose -15*f = -17*f + 22. Calculate the greatest common factor of y and f.
11
Let z(w) = -w**2 - 10*w - 4. Let s be z(-9). Suppose s*u = -0*x + x + 181, 2*u + 3*x - 69 = 0. Calculate the highest common divisor of u and 24.
12
Let v(g) = g**3 + g**2 + 3*g + 315. Let a be v(0). Suppose 0 = -312*s + a*s - 189. Calculate the highest common divisor of 7 and s.
7
Let m be ((-1)/(-4) + (-910)/104)*-46. Calculate the greatest common divisor of 92 and m.
23
Let f(x) = -x + 6. Let n be f(0). Let o = 12163 + -12121. What is the highest common factor of o and n?
6
Let y(i) = i**2 + 2*i + 10. Let r be y(-6). Suppose -2*n + r = 5*z, 14 - 48 = -4*z - 5*n. What is the greatest common divisor of z and 66?
6
Let r = 195 - 99. Let k = 151 - r. Suppose -5*l + 43 + k = -4*y, -2*l + 26 = 5*y. What is the greatest common factor of 126 and l?
18
Suppose 15 = -5*n + 50. Suppose -n*c - 8 = -9*c. Calculate the greatest common divisor of c and 20.
4
Suppose -3*t - 78 = -16*t. Suppose t*s - 10*s = -20. What is the greatest common factor of 40 and s?
5
Suppose -3*o + 412 = -2*p, 41*p - 38*p - 130 = -o. Calculate the highest common divisor of 34 and o.
34
Let i(r) = r**2 - 7*r + 12. Let d be i(-9). Calculate the highest common divisor of d and 60.
12
Let v = -88 + 228. Suppose 0 = 2*z - 65 + 9. What is the greatest common factor of z and v?
28
Let b = 156 - 146. Calculate the greatest common divisor of b and 2.
2
Suppose 360 = 5*y + 5*l, 3*y - 5*l = 4*y - 52. Let i = -76 + y. What is the greatest common divisor of 3 and i?
1
Let d(s) = 3*s**2 - 10*s - 29. Let g be d(6). Let k(q) = -3*q - 19. Let m be k(-19). Calculate the highest common factor of g and m.
19
Suppose -3*a = -7*a + 12. Suppose -87 = -a*s - 21. What is the highest common factor of s and 66?
22
Let f(d) = d**3 + 8*d**2 - 15*d - 78. Let y be f(-8). Calculate the greatest common divisor of y and 294.
42
Let f be 1 + 101 - (-5)/(15/6). Calculate the greatest common factor of f and 32.
8
Suppose 0 = -3*k - 2*t - 41, 5*k - 2*t + 61 = -18. Let p = k + 21. Let j = p - -30. Calculate the highest common factor of j and 12.
12
Let o be (((-7)/(-5))/(-1))/(53/(-265)). Calculate the highest common factor of 112 and o.
7
Suppose 4*n - 51 + 651 = 0. Let v = -149 - n. Suppose -w + 1 = -2. What is the highest common factor of v and w?
1
Suppose -528*v + 20 = -523*v. Let z be -4*(-2 + -3 - (-5 + 2)). What is the highest common factor of z and v?
4
Suppose 4*p - p - 102 = -5*t, 3*t = -p + 62. Calculate the highest common factor of 987 and t.
21
Let f = 15 - 13. Let v = 4 - 4. Suppose 2*l = -f*c + 250, l = -v*l - 4*c + 110. Calculate the highest common divisor of l and 26.
26
Suppose -t - 7 + 13 = 0. Let l be (-36*t/(-63))/((-3)/(-21)). Calculate the greatest common factor of l and 120.
24
Let n be (-33)/(-11) + (330 - (2 + 1)). Calculate the highest common divisor of n and 30.
30
Suppose 88 + 560 = 18*x. Calculate the greatest common factor of x and 450.
18
Let m be (48 + 6)/6 + -1 + -4. Calculate the greatest common factor of m and 12.
4
Let n = -23 + 29. Let m be 152/(n + -4) + -4. Suppose -5*y + 8*y - m = 0. Calculate the highest common divisor of 60 and y.
12
Suppose -30 = -a - 14. Suppose -3*l + 214 = a. What is the highest common factor of 6 and l?
6
Let m(w) be the first derivative of w**4/4 + 7*w**3/3 + 8*w + 8. Let g be m(-6). Calculate the greatest common factor of g and 4.
4
Suppose -4*y + 5*n + 15 = 0, 15 = -0*n + 3*n. Let u be (-8 - -13)/((-1)/(-5)). Calculate the greatest common factor of u and y.
5
Suppose -2*z - 6 = -0, z = -5*r + 2887. Suppose -8*f = -22 - r. What is the highest common factor of f and 30?
15
Let j be (3 - 3/(-6))*2. Suppose -j*w - 11 = -6*w. Let g be (-706)/w + 4/(-22). Calculate the highest common divisor of g and 8.
8
Let o(i) = i**3 - i**2 + 3*i - 2. Let t be o(2). Suppose 4*p - t*p = 0. Suppose p = -2*y + 3*y - 96. What is the greatest common divisor of 24 and y?
24
Let v(l) = -4*l**2 - 36*l + 41. Let k(n) = -3*n**2 - 24*n + 27. Let p(i) = 7*k(i) - 5*v(i). Let t be p(9). Calculate the greatest common divisor of t and 11.
11
Let j(z) = -z + 8. Let g(b) = -b. Let h(p) = -2*g(p) + j(p). Let f be h(6). Let k = 45 + -24. What is the greatest common divisor of k and f?
7
Let x = 24 - 18. Let s = 45 + x. Calculate the highest common divisor of s and 34.
17
Suppose 9 = -5*u + n, 0*u + 22 = -2*u + 5*n. Let q = -4 + u. Let a be ((-3)/q)/(1/15). What is the highest common factor o